{"id":492,"date":"2020-08-11T10:11:09","date_gmt":"2020-08-11T08:11:09","guid":{"rendered":"http:\/\/dochs.ruyssen-paris.fr\/?page_id=492"},"modified":"2023-11-12T18:39:24","modified_gmt":"2023-11-12T17:39:24","slug":"pour-le-responsable-hiver-solidaire","status":"publish","type":"page","link":"https:\/\/dochs.ruyssen-paris.fr\/?page_id=492","title":{"rendered":"Pour le responsable Hiver Solidaire"},"content":{"rendered":"\n<p>Le responsable Hiver Solidaire cumule les r\u00f4les de b\u00e9n\u00e9vole et de responsable de semaine. Il a en plus acc\u00e8s aux fonctions suivantes sp\u00e9cifiques pour son r\u00f4le de responsable Hiver Solidaire.<\/p>\n\n\n\n<ul class=\"wp-block-list\"><li><a href=\"#modifier\">Modifier la description d\u2019un r\u00f4le<\/a><\/li><li><a href=\"#stat\">Acc\u00e9der \u00e0 des statistiques d\u2019utilisation de l\u2019application<\/a><\/li><li><a href=\"#Referent\">Consulter ou modifier le r\u00e9f\u00e9rent de chaque b\u00e9n\u00e9vole<\/a> (version 2023)<\/li><li><a href=\"#inconnu\">Voir si l\u2019un des utilisateurs est inconnu<\/a><\/li><\/ul>\n\n\n\n<h2 class=\"wp-block-heading\" id=\"Modifier\">Modifier la description d\u2019un r\u00f4le<\/h2>\n\n\n\n<p>Pour modifier la description d&#8217;un r\u00f4le aller dans l&#8217;\u00e9cran &#8220;Les Roles&#8221; \u00e0 partir du menu qui est accessible en haut \u00e0 gauche. Cliquer sur le r\u00f4le \u00e0 modifier et appuyer sur le crayon pour le modifier.<\/p>\n\n\n\n<h2 class=\"wp-block-heading\" id=\"stat\">Acc\u00e9der \u00e0 des statistiques d&#8217;utilisation de l&#8217;application<\/h2>\n\n\n\n<p>Pour acc\u00e9der aux statistiques de l&#8217;activit\u00e9 hiver solidaire, ouvrir l&#8217;\u00e9cran &#8220;Statistiques&#8221; \u00e0 partir du menu qui est accessible en haut \u00e0 gauche.<\/p>\n\n\n\n<p>Plusieurs diagrammes sont affich\u00e9s pour donner diff\u00e9rentes informations. Appuyer sur &#8220;i&#8221; pour avoir acc\u00e8s au d\u00e9tail des chiffres.<\/p>\n\n\n\n<h3 class=\"wp-block-heading\">Nombre de b\u00e9n\u00e9voles<\/h3>\n\n\n\n<p>Le diagramme suivant affiche le nombre de b\u00e9n\u00e9voles en distinguant les b\u00e9n\u00e9voles actifs et les b\u00e9n\u00e9voles inactifs. Les b\u00e9n\u00e9voles actifs sont ceux qui ont au moins une inscription \u00e0 leur nom. Les b\u00e9n\u00e9voles inactifs sont ceux qui ont aucune inscription \u00e0 leur nom. <\/p>\n\n\n\n<div class=\"wp-block-image\"><figure class=\"aligncenter size-large\"><img loading=\"lazy\" decoding=\"async\" width=\"447\" height=\"433\" src=\"https:\/\/dochs.ruyssen-paris.fr\/wp-content\/uploads\/2020\/08\/Actif-Inactif.png\" alt=\"\" class=\"wp-image-505\" srcset=\"https:\/\/dochs.ruyssen-paris.fr\/wp-content\/uploads\/2020\/08\/Actif-Inactif.png 447w, https:\/\/dochs.ruyssen-paris.fr\/wp-content\/uploads\/2020\/08\/Actif-Inactif-300x291.png 300w\" sizes=\"auto, (max-width: 447px) 100vw, 447px\" \/><figcaption>Nombre de b\u00e9n\u00e9voles actifs et inactifs<\/figcaption><\/figure><\/div>\n\n\n\n<p>Noter que les b\u00e9n\u00e9voles inscrits par un responsable de semaine avec la fonction &#8220;pour le compte de&#8221;, ne sont pas compt\u00e9s comme actifs.<\/p>\n\n\n\n<h3 class=\"wp-block-heading\">Nombre de b\u00e9n\u00e9voles par nombre d&#8217;inscriptions<\/h3>\n\n\n\n<p>Ce diagramme permet de voir combien de b\u00e9n\u00e9voles se sont inscrits une fois, deux fois, trois fois, etc&#8230;<\/p>\n\n\n\n<div class=\"wp-block-image\"><figure class=\"aligncenter size-large\"><img loading=\"lazy\" decoding=\"async\" width=\"446\" height=\"386\" src=\"https:\/\/dochs.ruyssen-paris.fr\/wp-content\/uploads\/2020\/08\/ParNbInscriptions.png\" alt=\"\" class=\"wp-image-504\" srcset=\"https:\/\/dochs.ruyssen-paris.fr\/wp-content\/uploads\/2020\/08\/ParNbInscriptions.png 446w, https:\/\/dochs.ruyssen-paris.fr\/wp-content\/uploads\/2020\/08\/ParNbInscriptions-300x260.png 300w\" sizes=\"auto, (max-width: 446px) 100vw, 446px\" \/><figcaption>Nombre de b\u00e9n\u00e9voles par nombre d&#8217;inscriptions<\/figcaption><\/figure><\/div>\n\n\n\n<p>Par exemple on peut lire dans le diagramme que 3 b\u00e9n\u00e9voles se sont inscrits 1 fois, 5 b\u00e9n\u00e9voles se sont inscrits 2 fois&#8230; <\/p>\n\n\n\n<h3 class=\"wp-block-heading\">Nombre d&#8217;inscriptions par r\u00f4le<\/h3>\n\n\n\n<p>Ce diagramme permet de savoir combien il y a d&#8217;inscriptions sur chaque r\u00f4le. A la fin de l&#8217;activit\u00e9 hiver solidaire, on devrait avoir le m\u00eame nombre d&#8217;inscription pour tous les r\u00f4les quotidiens. En cours d&#8217;activit\u00e9 cela permet de voir quels sont les r\u00f4les les plus facilement couverts et ceux qu&#8217;il est plus difficile de couvrir.<\/p>\n\n\n\n<div class=\"wp-block-image\"><figure class=\"aligncenter size-large\"><img loading=\"lazy\" decoding=\"async\" width=\"456\" height=\"581\" src=\"https:\/\/dochs.ruyssen-paris.fr\/wp-content\/uploads\/2020\/08\/ParRole.png\" alt=\"\" class=\"wp-image-503\" srcset=\"https:\/\/dochs.ruyssen-paris.fr\/wp-content\/uploads\/2020\/08\/ParRole.png 456w, https:\/\/dochs.ruyssen-paris.fr\/wp-content\/uploads\/2020\/08\/ParRole-235x300.png 235w\" sizes=\"auto, (max-width: 456px) 100vw, 456px\" \/><figcaption>Nombre d&#8217;inscriptions par r\u00f4le<\/figcaption><\/figure><\/div>\n\n\n\n<p>On peut voir par exemple le le r\u00f4le le plus facilement tenu est Lazare (dans cet exemple). Attention, on compte ici les inscriptions et non le nombre de b\u00e9n\u00e9voles. Un b\u00e9n\u00e9vole qui s&#8217;inscrit 5 fois compte comme 5 inscriptions.<\/p>\n\n\n\n<h3 class=\"wp-block-heading\">Taux de remplissage par semaine<\/h3>\n\n\n\n<p>Ce diagramme est tr\u00e8s utile pour savoir o\u00f9 nous en sommes du remplissage du planning pour les semaines \u00e0 venir.<\/p>\n\n\n\n<div class=\"wp-block-image\"><figure class=\"aligncenter size-large\"><img loading=\"lazy\" decoding=\"async\" width=\"453\" height=\"344\" src=\"https:\/\/dochs.ruyssen-paris.fr\/wp-content\/uploads\/2020\/08\/TauxInscription.png\" alt=\"\" class=\"wp-image-502\" srcset=\"https:\/\/dochs.ruyssen-paris.fr\/wp-content\/uploads\/2020\/08\/TauxInscription.png 453w, https:\/\/dochs.ruyssen-paris.fr\/wp-content\/uploads\/2020\/08\/TauxInscription-300x228.png 300w\" sizes=\"auto, (max-width: 453px) 100vw, 453px\" \/><figcaption>Taux de remplissage par semaine<\/figcaption><\/figure><\/div>\n\n\n\n<p>On voit dans ce diagramme que la semaine 5 remplie \u00e0 100% et que la semaine 4 n&#8217;a \u00e9t\u00e9 remplis qu&#8217;\u00e0 62% (donn\u00e9es issue du test).<\/p>\n\n\n\n<h2 class=\"wp-block-heading\">Consulter ou modifier le r\u00e9f\u00e9rent de chaque b\u00e9n\u00e9vole<\/h2>\n\n\n\n<p><strong><em>(Fonctionnalit\u00e9 disponible \u00e0 partir de la version 2023)<\/em><\/strong> <\/p>\n\n\n\n<p>Tout b\u00e9n\u00e9vole a un r\u00e9f\u00e9rent. Cette notion permet de g\u00e9rer une cha\u00eene de validation dont la source est le cur\u00e9 de la paroisse qui est le r\u00e9f\u00e9rent de l&#8217;\u00e9quipe en charge de la mise en oeuvre d&#8217;hiver solidaire.<\/p>\n\n\n\n<p>Le r\u00e9f\u00e9rent est inscrit au moment de l&#8217;inscription du b\u00e9n\u00e9vole. Il peut \u00eatre modifi\u00e9 \u00e0 tout instant via l&#8217;application par le responsable hiver solidaire.<\/p>\n\n\n\n<h2 class=\"wp-block-heading\" id=\"inconnu\">Voir si l&#8217;un des utilisateurs est inconnu<\/h2>\n\n\n\n<p>Cette fonction est utile pour savoir si des personnes se sont connect\u00e9 sans \u00eatre inscrits, ayant re\u00e7u par quelqu&#8217;un le lien de connexion \u00e0 l&#8217;application.<\/p>\n\n\n\n<p>Appuyer sur l&#8217;\u00e9cran S\u00e9curit\u00e9 pour voir la liste des adresses mail des personnes qui se sont connect\u00e9es et savoir si ces personnes sont connues ou non.<\/p>\n\n\n\n<p>Un symbole vert indique que la personne est connue. Le symbole orange indique que la personne est inconnue. <\/p>\n\n\n\n<p>Si une personne est inconnue, lui envoyer un mail pour faire connaissance et voir si elle veut v\u00e9ritablement devenir b\u00e9n\u00e9vole.<\/p>\n\n\n\n<p><\/p>\n","protected":false},"excerpt":{"rendered":"<p>Le responsable Hiver Solidaire cumule les r\u00f4les de b\u00e9n\u00e9vole et de responsable de semaine. Il a en plus acc\u00e8s aux fonctions suivantes sp\u00e9cifiques pour son r\u00f4le de responsable Hiver Solidaire. Modifier la description d\u2019un r\u00f4le Acc\u00e9der \u00e0 des statistiques d\u2019utilisation de l\u2019application Consulter ou modifier le r\u00e9f\u00e9rent de chaque b\u00e9n\u00e9vole (version 2023) Voir si l\u2019un &hellip;<\/p>\n<p class=\"read-more\"> <a class=\"\" href=\"https:\/\/dochs.ruyssen-paris.fr\/?page_id=492\"> <span class=\"screen-reader-text\">Pour le responsable Hiver Solidaire<\/span> Read More &raquo;<\/a><\/p>\n","protected":false},"author":1,"featured_media":0,"parent":0,"menu_order":0,"comment_status":"closed","ping_status":"closed","template":"","meta":{"footnotes":""},"class_list":["post-492","page","type-page","status-publish","hentry"],"_links":{"self":[{"href":"https:\/\/dochs.ruyssen-paris.fr\/index.php?rest_route=\/wp\/v2\/pages\/492","targetHints":{"allow":["GET"]}}],"collection":[{"href":"https:\/\/dochs.ruyssen-paris.fr\/index.php?rest_route=\/wp\/v2\/pages"}],"about":[{"href":"https:\/\/dochs.ruyssen-paris.fr\/index.php?rest_route=\/wp\/v2\/types\/page"}],"author":[{"embeddable":true,"href":"https:\/\/dochs.ruyssen-paris.fr\/index.php?rest_route=\/wp\/v2\/users\/1"}],"replies":[{"embeddable":true,"href":"https:\/\/dochs.ruyssen-paris.fr\/index.php?rest_route=%2Fwp%2Fv2%2Fcomments&post=492"}],"version-history":[{"count":6,"href":"https:\/\/dochs.ruyssen-paris.fr\/index.php?rest_route=\/wp\/v2\/pages\/492\/revisions"}],"predecessor-version":[{"id":535,"href":"https:\/\/dochs.ruyssen-paris.fr\/index.php?rest_route=\/wp\/v2\/pages\/492\/revisions\/535"}],"wp:attachment":[{"href":"https:\/\/dochs.ruyssen-paris.fr\/index.php?rest_route=%2Fwp%2Fv2%2Fmedia&parent=492"}],"curies":[{"name":"wp","href":"https:\/\/api.w.org\/{rel}","templated":true}]}}