{"id":415,"date":"2020-08-06T14:38:07","date_gmt":"2020-08-06T12:38:07","guid":{"rendered":"http:\/\/dochs.ruyssen-paris.fr\/?page_id=415"},"modified":"2020-08-11T09:46:59","modified_gmt":"2020-08-11T07:46:59","slug":"mentions-legales","status":"publish","type":"page","link":"https:\/\/dochs.ruyssen-paris.fr\/?page_id=415","title":{"rendered":"Mentions L\u00e9gales"},"content":{"rendered":"\n<p>Les donn\u00e9es \u00e0 caract\u00e8re personnel des b\u00e9n\u00e9voles sont trait\u00e9es afin de permettre le fonctionnement de l&#8217;activit\u00e9 hiver solidaire, sur la base du consentement de chaque b\u00e9n\u00e9vole.<\/p>\n\n\n\n<p>Ce consentement du b\u00e9n\u00e9vole est mat\u00e9rialis\u00e9 au moment de la connexion \u00e0 l&#8217;application lorsqu&#8217;il coche la case &#8220;J&#8217;accepte les mentions l\u00e9gales&#8221;.<\/p>\n\n\n\n<p>Attention : si vous n&#8217;\u00eates pas inscrits \u00e0 hiver solidaire et que vous acc\u00e9dez quand m\u00eame \u00e0 l&#8217;application, vous n&#8217;aurez acc\u00e8s \u00e0 aucune information et votre adresse mail sera conserv\u00e9e le temps de vous contacter pour savoir si vous souhaitez ou non vous inscrire \u00e0 hiver solidaire. Si vous ne r\u00e9pondez pas ou si vous ne souhaitez pas participer \u00e0 hiver solidaire, votre adresse mail sera supprim\u00e9e.<\/p>\n\n\n\n<h2 class=\"wp-block-heading\">Donn\u00e9es personnelles trait\u00e9es<\/h2>\n\n\n\n<p>Les donn\u00e9es personnelles trait\u00e9es sont <strong>minimales<\/strong> afin de permettre le fonctionnement de l&#8217;activit\u00e9 hiver solidaire.<\/p>\n\n\n\n<p>Le pr\u00e9sent document d\u00e9crit de <strong>mani\u00e8re transparente<\/strong> la totalit\u00e9 des traitements (collecte, enregistrement, modification, communication, suppression) r\u00e9alis\u00e9s sur ces donn\u00e9es personnelles. <\/p>\n\n\n\n<p>Les donn\u00e9es personnelles sont <strong>conserv\u00e9es le temps n\u00e9cessaire \u00e0 l&#8217;activit\u00e9 hiver solidaire<\/strong> et au lancement de l&#8217;activit\u00e9 l&#8217;ann\u00e9e suivante.<\/p>\n\n\n\n<p>Les donn\u00e9es sont <strong>s\u00e9curis\u00e9es<\/strong> par la mise en place de droit d&#8217;acc\u00e8s tels que permis dans Google Sheet et dans Glide. <\/p>\n\n\n\n<h2 class=\"wp-block-heading\">Liste des donn\u00e9es personnelles<\/h2>\n\n\n\n<p><\/p>\n\n\n\n<p>Les donn\u00e9es personnelles trait\u00e9es pour le bon fonctionnement d&#8217;Hiver Solidaire sont les suivantes:<\/p>\n\n\n\n<p><\/p>\n\n\n\n<figure class=\"wp-block-table alignleft is-style-stripes\"><table><thead><tr><th>Donn\u00e9e<\/th><th>Exemple<\/th><th>D\u00e9finition<\/th><\/tr><\/thead><tbody><tr><td>Adresse mail<\/td><td>laurent.ruyssen@gmail.com<\/td><td>Adresse mail du b\u00e9n\u00e9vole<\/td><\/tr><tr><td>Nom<\/td><td>Laurent Ruyssen<\/td><td>Contient le Nom et le Pr\u00e9nom du b\u00e9n\u00e9vole<\/td><\/tr><tr><td>T\u00e9l<\/td><td>06 77 13 18 31<\/td><td>Num\u00e9ro de t\u00e9l\u00e9phone du b\u00e9n\u00e9vole<\/td><\/tr><tr><td>Disponibilit\u00e9 Jours<\/td><td>Mardi, Jeudi<\/td><td>Jours auxquels le b\u00e9n\u00e9vole est a priori disponible pour participer \u00e0 Hiver Solidaire <\/td><\/tr><tr><td>Disponibilit\u00e9 R\u00f4les<\/td><td>Marthe, Marie<\/td><td>R\u00f4les que le b\u00e9n\u00e9vole est a priori dispos\u00e9 \u00e0 tenir<\/td><\/tr><tr><td>Inscription<\/td><td>Ven 1er Jan 2021 Lazare<\/td><td>R\u00f4le que le b\u00e9n\u00e9vole s&#8217;engage \u00e0 tenir un jour pr\u00e9cis (ici le 1er Janvier 2021)<\/td><\/tr><tr><td>Pseudo<\/td><td>Lau<\/td><td>Pseudonyme utilis\u00e9 par le b\u00e9n\u00e9vole lors de son inscription un jour donn\u00e9 pour un r\u00f4le donn\u00e9. <br>Peut \u00eatre n&#8217;importe quelle cha\u00eene de caract\u00e8re (a priori n&#8217;est pas une donn\u00e9es personnelle sauf si l&#8217;utilisateur y saisit son nom). <\/td><\/tr><tr><td>Photo<\/td><td><\/td><td>Le b\u00e9n\u00e9vole a la possibilit\u00e9 d&#8217;associ\u00e9 une image \u00e0 son profil. Cela n&#8217;est pas demand\u00e9 au b\u00e9n\u00e9vole.<\/td><\/tr><tr><td>Semaine<\/td><td>du 4 Jan au 11 Jan<\/td><td>Semaine sur laquelle le responsable de semaine est responsable<\/td><\/tr><\/tbody><\/table><figcaption>Tableau des donn\u00e9es personnelles stock\u00e9es<\/figcaption><\/figure>\n\n\n\n<p><\/p>\n\n\n\n<h2 class=\"wp-block-heading\">Traitement sur les donn\u00e9es personnelles des b\u00e9n\u00e9voles<\/h2>\n\n\n\n<p>Le tableau suivant pr\u00e9sente les traitements r\u00e9alis\u00e9s sur chacune des donn\u00e9es personnelles.<\/p>\n\n\n\n<figure class=\"wp-block-table is-style-stripes\"><table><thead><tr><th><strong>Donn\u00e9e<\/strong><\/th><th>Traitement<\/th><\/tr><\/thead><tbody><tr><td>Adresse mail<\/td><td><strong>Collecte<\/strong> : Collect\u00e9 par le Responsable Hiver Solidaire<br><strong>Enregistrement<\/strong> : Dans la base de donn\u00e9e (google sheet) Hiver Solidaire par le Responsable Hiver Solidaire<br><strong>Modification<\/strong> : Dans la base de donn\u00e9e (google sheet) Hiver Solidaire par le Responsable Hiver Solidaire <br><strong>Acc\u00e8s<\/strong> : Accessible par l&#8217;application par le Responsable Hiver Solidaire, les Responsables de Semaines, le b\u00e9n\u00e9vole concern\u00e9 <br><strong>Communication<\/strong> : Aux autres b\u00e9n\u00e9voles Hiver Solidaire inscrits le m\u00eame jour que le b\u00e9n\u00e9vole<br><strong>Suppression<\/strong> : Sur demande du b\u00e9n\u00e9vole. La donn\u00e9e est conserv\u00e9e pour la session suivante d&#8217;Hiver Solidaire<\/td><\/tr><tr><td>Nom<\/td><td><strong>Collecte<\/strong> : Collect\u00e9 par le Responsable Hiver Solidaire<br><strong>Enregistrement<\/strong> : Dans la base de donn\u00e9e (google sheet) Hiver Solidaire par le Responsable Hiver Solidaire<br><strong>Modification<\/strong> : Dans la base de donn\u00e9e (google sheet) Hiver Solidaire par le Responsable Hiver Solidaire<br><strong>Acc\u00e8s<\/strong> : Accessible par l&#8217;application par le Responsable Hiver Solidaire, les Responsables de Semaines, le b\u00e9n\u00e9vole concern\u00e9<br><strong>Communication<\/strong> : Aux autres b\u00e9n\u00e9voles Hiver Solidaire inscrits le m\u00eame jour que le b\u00e9n\u00e9vole<br><strong>Suppression<\/strong> : Sur demande du b\u00e9n\u00e9vole. La donn\u00e9e est conserv\u00e9e pour la session suivante d&#8217;Hiver Solidaire<\/td><\/tr><tr><td>T\u00e9l<\/td><td><strong>Collecte<\/strong> : Collect\u00e9 par le Responsable Hiver Solidaire ou par le Responsable de semaine<br><strong>Enregistrement<\/strong> : Dans l&#8217;application Hiver Solidaire dans la fiche b\u00e9n\u00e9vole par le Responsable Hiver Solidaire ou le Responsable de semaine<br><strong>Modification<\/strong> : Dans l&#8217;application Hiver Solidaire dans la fiche b\u00e9n\u00e9vole par le Responsable de Semaine<br><strong>Acc\u00e8s<\/strong> : Accessible par l&#8217;application par le Responsable Hiver Solidaire, les Responsables de Semaines, le b\u00e9n\u00e9vole concern\u00e9<br><strong>Communication<\/strong> : Aux autres b\u00e9n\u00e9voles Hiver Solidaire inscrits le m\u00eame jour que le b\u00e9n\u00e9vole<br><strong>Suppression<\/strong> : Sur demande du b\u00e9n\u00e9vole. La donn\u00e9e est conserv\u00e9e pour la session suivante d&#8217;Hiver Solidaire<\/td><\/tr><tr><td>Disponibilit\u00e9 Jours<\/td><td><strong>Collecte<\/strong> : Collect\u00e9 par le Responsable de semaine<br><strong>Enregistrement<\/strong> : Dans l&#8217;application Hiver Solidaire dans la fiche b\u00e9n\u00e9vole par le Responsable de semaine<br><strong>Modification<\/strong> : Dans l&#8217;application Hiver Solidaire dans la fiche b\u00e9n\u00e9vole par le Responsable de Semaine<br><strong>Acc\u00e8s<\/strong> : Accessible par l&#8217;application par le Responsable Hiver Solidaire, les Responsables de Semaines, le b\u00e9n\u00e9vole concern\u00e9<br><strong>Communication<\/strong> : Aucune<br><strong>Suppression<\/strong> : Sur demande du b\u00e9n\u00e9vole. La donn\u00e9e est conserv\u00e9e pour la session suivante d&#8217;Hiver Solidaire<\/td><\/tr><tr><td>Disponibilit\u00e9 R\u00f4les<\/td><td><strong>Collecte<\/strong> : Collect\u00e9 par le Responsable de semaine<br><strong>Enregistrement<\/strong> : Dans l&#8217;application Hiver Solidaire dans la fiche b\u00e9n\u00e9vole par le Responsable de semaine<br><strong>Modification<\/strong> : Dans l&#8217;application Hiver Solidaire dans la fiche b\u00e9n\u00e9vole par le Responsable de Semaine<br><strong>Acc\u00e8s<\/strong> : Accessible par l&#8217;application par le Responsable Hiver Solidaire, les Responsables de Semaines, le b\u00e9n\u00e9vole concern\u00e9<br><strong>Communication<\/strong> : Aucune<br><strong>Suppression<\/strong> : Sur demande du b\u00e9n\u00e9vole. La donn\u00e9e est conserv\u00e9e pour la session suivante d&#8217;Hiver Solidaire<\/td><\/tr><tr><td>Inscription<\/td><td><strong>Collecte<\/strong> : Collect\u00e9 par le b\u00e9n\u00e9vole lui m\u00eame<br><strong>Enregistrement<\/strong> : Dans l&#8217;application Hiver Solidaire par le b\u00e9n\u00e9vole lui-m\u00eame<br><strong>Modification<\/strong> : Dans l&#8217;application Hiver Solidaire par le b\u00e9n\u00e9vole lui-m\u00eame<br><strong>Acc\u00e8s<\/strong> : Accessible par l&#8217;application par le Responsable Hiver Solidaire, les Responsables de Semaines, le b\u00e9n\u00e9vole concern\u00e9<br><strong>Communication<\/strong> : Aux autres b\u00e9n\u00e9voles Hiver Solidaire inscrits le m\u00eame jour que le b\u00e9n\u00e9vole<br><strong>Suppression<\/strong> : A la fin de l&#8217;activit\u00e9 Hiver Solidaire<\/td><\/tr><tr><td>Pseudo<\/td><td><strong>Collecte<\/strong> : Collect\u00e9 par le b\u00e9n\u00e9vole lui m\u00eame<br><strong>Enregistrement<\/strong> : Dans l&#8217;application Hiver Solidaire par le b\u00e9n\u00e9vole lui-m\u00eame<br><strong>Modification<\/strong> : Dans l&#8217;application Hiver Solidaire par le b\u00e9n\u00e9vole lui-m\u00eame<br><strong>Acc\u00e8s<\/strong> : Accessible par l&#8217;application par le Responsable Hiver Solidaire, les Responsables de Semaines et tous les  b\u00e9n\u00e9voles<br><strong>Communication<\/strong> : Aucune<br><strong>Suppression<\/strong> : A la fin de l&#8217;activit\u00e9 Hiver Solidaire<\/td><\/tr><tr><td>Photo<\/td><td><strong>Collecte<\/strong> : Collect\u00e9 par le b\u00e9n\u00e9vole (cela ne lui est pas demand\u00e9 mais la fonction est disponible)<br><strong>Enregistrement<\/strong> : Par le b\u00e9n\u00e9vole (cela ne lui est pas demand\u00e9 mais la fonction est disponible)<br><strong>Modification<\/strong> : Par le b\u00e9n\u00e9vole<br><strong>Acc\u00e8s<\/strong> : Accessible par l&#8217;application par le Responsable Hiver Solidaire, les Responsables de Semaines, le b\u00e9n\u00e9vole concern\u00e9<br><strong>Communication<\/strong> : Aucune<br><strong>Suppression<\/strong> : A la fin de l&#8217;activit\u00e9 Hiver Solidaire<\/td><\/tr><tr><td>Semaine<\/td><td>Non applicable pour le B\u00e9n\u00e9vole<\/td><\/tr><\/tbody><\/table><figcaption>Tableau des traitements des donn\u00e9es personnelles des b\u00e9n\u00e9voles<\/figcaption><\/figure>\n\n\n\n<h2 class=\"wp-block-heading\">Traitement sur les donn\u00e9es personnelles des responsables de semaine<\/h2>\n\n\n\n<p>Le tableau suivant pr\u00e9sente les traitements r\u00e9alis\u00e9s sur chacune des donn\u00e9es personnelles.<\/p>\n\n\n\n<figure class=\"wp-block-table is-style-stripes\"><table><thead><tr><th><strong>Donn\u00e9e<\/strong><\/th><th>Traitement<\/th><\/tr><\/thead><tbody><tr><td>Adresse mail<\/td><td><strong>Collecte<\/strong> : Collect\u00e9 par le Responsable Hiver Solidaire<br><strong>Enregistrement<\/strong> : Dans la base de donn\u00e9e (google sheet) Hiver Solidaire par le Responsable Hiver Solidaire<br><strong>Modification<\/strong> : Dans la base de donn\u00e9e (google sheet) Hiver Solidaire par le Responsable Hiver Solidaire <br><strong>Acc\u00e8s<\/strong> : Accessible par l&#8217;application par tous les b\u00e9n\u00e9voles <br><strong>Communication<\/strong> : A tous les b\u00e9n\u00e9voles pour qu&#8217;ils connaissent qui sont les responsables de semaines et comment les contacter<br><strong>Suppression<\/strong> : Sur demande du b\u00e9n\u00e9vole. La donn\u00e9e est conserv\u00e9e pour la session suivante d&#8217;Hiver Solidaire<\/td><\/tr><tr><td>Nom<\/td><td><strong>Collecte<\/strong> : Collect\u00e9 par le Responsable Hiver Solidaire<br><strong>Enregistrement<\/strong> : Dans la base de donn\u00e9e (google sheet) Hiver Solidaire par le Responsable Hiver Solidaire<br><strong>Modification<\/strong> : Dans la base de donn\u00e9e (google sheet) Hiver Solidaire par le Responsable Hiver Solidaire<br><strong><strong>Acc\u00e8s<\/strong> : <\/strong>Accessible par l&#8217;application par tous les b\u00e9n\u00e9voles<strong><br><strong>Communication<\/strong> : <\/strong>A tous les b\u00e9n\u00e9voles pour qu&#8217;ils connaissent qui sont les responsables de semaines et comment les contacter<br><strong>Suppression<\/strong> : Sur demande du b\u00e9n\u00e9vole. La donn\u00e9e est conserv\u00e9e pour la session suivante d&#8217;Hiver Solidaire<\/td><\/tr><tr><td>T\u00e9l<\/td><td><strong>Collecte<\/strong> : Collect\u00e9 par le Responsable Hiver Solidaire ou par le Responsable de semaine<br><strong>Enregistrement<\/strong> : Dans l&#8217;application Hiver Solidaire dans la fiche b\u00e9n\u00e9vole par le Responsable Hiver Solidaire ou le Responsable de semaine<br><strong>Modification<\/strong> : Dans l&#8217;application Hiver Solidaire dans la fiche b\u00e9n\u00e9vole par le Responsable de Semaine<br><strong>Acc\u00e8s<\/strong> : Accessible par l&#8217;application par tous les b\u00e9n\u00e9voles<br><strong>Communication<\/strong> : A tous les b\u00e9n\u00e9voles pour qu&#8217;ils connaissent qui sont les responsables de semaines et comment les contacter<br><strong>Suppression<\/strong> : Sur demande du b\u00e9n\u00e9vole. La donn\u00e9e est conserv\u00e9e pour la session suivante d&#8217;Hiver Solidaire<\/td><\/tr><tr><td>Disponibilit\u00e9 Jours<\/td><td><strong>Collecte<\/strong> : Collect\u00e9 par le Responsable de semaine<br><strong>Enregistrement<\/strong> : Dans l&#8217;application Hiver Solidaire dans la fiche b\u00e9n\u00e9vole par le Responsable de semaine<br><strong>Modification<\/strong> : Dans l&#8217;application Hiver Solidaire dans la fiche b\u00e9n\u00e9vole par le Responsable de Semaine<br><strong>Acc\u00e8s<\/strong> : Accessible par l&#8217;application par le Responsable Hiver Solidaire, les Responsables de Semaines, le b\u00e9n\u00e9vole concern\u00e9<br><strong>Communication<\/strong> : Aucune<br><strong>Suppression<\/strong> : Sur demande du b\u00e9n\u00e9vole. La donn\u00e9e est conserv\u00e9e pour la session suivante d&#8217;Hiver Solidaire<\/td><\/tr><tr><td>Disponibilit\u00e9 R\u00f4les<\/td><td><strong>Collecte<\/strong> : Collect\u00e9 par le Responsable de semaine<br><strong>Enregistrement<\/strong> : Dans l&#8217;application Hiver Solidaire dans la fiche b\u00e9n\u00e9vole par le Responsable de semaine<br><strong>Modification<\/strong> : Dans l&#8217;application Hiver Solidaire dans la fiche b\u00e9n\u00e9vole par le Responsable de Semaine<br><strong>Acc\u00e8s<\/strong> : Accessible par l&#8217;application par le Responsable Hiver Solidaire, les Responsables de Semaines, le b\u00e9n\u00e9vole concern\u00e9<br><strong>Communication<\/strong> : Aucune<br><strong>Suppression<\/strong> : Sur demande du b\u00e9n\u00e9vole. La donn\u00e9e est conserv\u00e9e pour la session suivante d&#8217;Hiver Solidaire<\/td><\/tr><tr><td>Inscription<\/td><td><strong>Collecte<\/strong> : Collect\u00e9 par le responsable de semaine lui m\u00eame<br><strong>Enregistrement<\/strong> : Dans l&#8217;application Hiver Solidaire par le responsable de semaine lui-m\u00eame<br><strong>Modification<\/strong> : Dans l&#8217;application Hiver Solidaire par le responsable de semaine lui-m\u00eame<br><strong>Acc\u00e8s<\/strong> : Accessible par l&#8217;application par le Responsable Hiver Solidaire, les Responsables de Semaines, le b\u00e9n\u00e9vole concern\u00e9<br><strong>Communication<\/strong> : Aux autres b\u00e9n\u00e9voles Hiver Solidaire inscrits le m\u00eame jour que le b\u00e9n\u00e9vole<br><strong>Suppression<\/strong> : A la fin de l&#8217;activit\u00e9 Hiver Solidaire<\/td><\/tr><tr><td>Pseudo<\/td><td><strong>Collecte<\/strong> : Collect\u00e9 par le b\u00e9n\u00e9vole lui m\u00eame<br><strong>Enregistrement<\/strong> : Dans l&#8217;application Hiver Solidaire par le responsable de semaine lui-m\u00eame<br><strong>Modification<\/strong> : Dans l&#8217;application Hiver Solidaire par le responsable de semaine lui-m\u00eame<br><strong>Acc\u00e8s<\/strong> : Accessible par l&#8217;application par le Responsable Hiver Solidaire, les Responsables de Semaines et tous les  b\u00e9n\u00e9voles<br><strong>Communication<\/strong> : Aucune<br><strong>Suppression<\/strong> : A la fin de l&#8217;activit\u00e9 Hiver Solidaire<\/td><\/tr><tr><td>Photo<\/td><td><strong>Collecte<\/strong> : Collect\u00e9 par le responsable de semaine (cela ne lui est pas demand\u00e9 mais la fonction est disponible)<br><strong>Enregistrement<\/strong> : Par le responsable de semaine (cela ne lui est pas demand\u00e9 mais la fonction est disponible)<br><strong>Modification<\/strong> : Par le responsable de semaine<br><strong>Acc\u00e8s<\/strong> : Accessible par l&#8217;application par le Responsable Hiver Solidaire, les Responsables de Semaines, le b\u00e9n\u00e9vole concern\u00e9<br><strong>Communication<\/strong> : Aucune<br><strong>Suppression<\/strong> : A la fin de l&#8217;activit\u00e9 Hiver Solidaire<\/td><\/tr><tr><td>Semaine<\/td><td><strong>Collecte<\/strong> : Collect\u00e9 par le Responsable Hiver Solidaire<br><strong>Enregistrement<\/strong> : Par le Responsable Hiver Solidaire<br><strong>Modification<\/strong> : Par le Responsable Hiver Solidaire ou par les Responsables de Semaine<br><strong>Acc\u00e8s<\/strong> : Accessible par l&#8217;application par tous les b\u00e9n\u00e9voles<br><strong>Communication<\/strong> : A tous les b\u00e9n\u00e9voles pour qu&#8217;ils connaissent qui sont les responsables de semaines et comment les contacter<br><strong>Suppression<\/strong> : Sur demande du responsable de semaine. La donn\u00e9e est conserv\u00e9e pour la session suivante d&#8217;Hiver Solidaire<\/td><\/tr><\/tbody><\/table><figcaption>Tableau des traitements des donn\u00e9es personnelles des responsables de semaine<\/figcaption><\/figure>\n\n\n\n<h2 class=\"wp-block-heading\">Exercice des droits des b\u00e9n\u00e9voles et responsables de semaine<\/h2>\n\n\n\n<p>Chaque b\u00e9n\u00e9vole ou responsable de semaine peut exercer son droit vis \u00e0 vis du traitement des donn\u00e9es personnelles en envoyant une demande \u00e0 l&#8217;adresse suivante : <strong>hiver.solidaire.ndc.paris@gmail.com<\/strong>.<\/p>\n\n\n\n<p>Chaque personne peut<\/p>\n\n\n\n<ul class=\"wp-block-list\"><li>Demander acc\u00e8s \u00e0 une copie des donn\u00e9es personnelles stock\u00e9es. La totalit\u00e9 des donn\u00e9es personnelles stock\u00e9es sont visible dans la fiche du b\u00e9n\u00e9vole.<\/li><li>Demander l&#8217;effacement de l&#8217;ensemble de ses donn\u00e9es personnelles. Le b\u00e9n\u00e9vole n&#8217;aura alors plus acc\u00e8s \u00e0 l&#8217;application.<\/li><li>Demander la rectification d&#8217;une information personnelle.<\/li><li>Demander une limitation de traitement, s&#8217;opposer \u00e0 un traitement ou demander la portabilit\u00e9 vers une autre application .<\/li><\/ul>\n","protected":false},"excerpt":{"rendered":"<p>Les donn\u00e9es \u00e0 caract\u00e8re personnel des b\u00e9n\u00e9voles sont trait\u00e9es afin de permettre le fonctionnement de l&#8217;activit\u00e9 hiver solidaire, sur la base du consentement de chaque b\u00e9n\u00e9vole. Ce consentement du b\u00e9n\u00e9vole est mat\u00e9rialis\u00e9 au moment de la connexion \u00e0 l&#8217;application lorsqu&#8217;il coche la case &#8220;J&#8217;accepte les mentions l\u00e9gales&#8221;. Attention : si vous n&#8217;\u00eates pas inscrits \u00e0 &hellip;<\/p>\n<p class=\"read-more\"> <a class=\"\" href=\"https:\/\/dochs.ruyssen-paris.fr\/?page_id=415\"> <span class=\"screen-reader-text\">Mentions L\u00e9gales<\/span> Read More &raquo;<\/a><\/p>\n","protected":false},"author":1,"featured_media":0,"parent":0,"menu_order":0,"comment_status":"closed","ping_status":"closed","template":"","meta":{"footnotes":""},"class_list":["post-415","page","type-page","status-publish","hentry"],"_links":{"self":[{"href":"https:\/\/dochs.ruyssen-paris.fr\/index.php?rest_route=\/wp\/v2\/pages\/415","targetHints":{"allow":["GET"]}}],"collection":[{"href":"https:\/\/dochs.ruyssen-paris.fr\/index.php?rest_route=\/wp\/v2\/pages"}],"about":[{"href":"https:\/\/dochs.ruyssen-paris.fr\/index.php?rest_route=\/wp\/v2\/types\/page"}],"author":[{"embeddable":true,"href":"https:\/\/dochs.ruyssen-paris.fr\/index.php?rest_route=\/wp\/v2\/users\/1"}],"replies":[{"embeddable":true,"href":"https:\/\/dochs.ruyssen-paris.fr\/index.php?rest_route=%2Fwp%2Fv2%2Fcomments&post=415"}],"version-history":[{"count":14,"href":"https:\/\/dochs.ruyssen-paris.fr\/index.php?rest_route=\/wp\/v2\/pages\/415\/revisions"}],"predecessor-version":[{"id":484,"href":"https:\/\/dochs.ruyssen-paris.fr\/index.php?rest_route=\/wp\/v2\/pages\/415\/revisions\/484"}],"wp:attachment":[{"href":"https:\/\/dochs.ruyssen-paris.fr\/index.php?rest_route=%2Fwp%2Fv2%2Fmedia&parent=415"}],"curies":[{"name":"wp","href":"https:\/\/api.w.org\/{rel}","templated":true}]}}